{"id":957,"date":"2021-04-10T16:41:56","date_gmt":"2021-04-10T16:41:56","guid":{"rendered":"https:\/\/eltrabajoquereconecta.org\/fl4m35\/?page_id=957"},"modified":"2021-05-09T21:51:27","modified_gmt":"2021-05-09T21:51:27","slug":"psicologia-y-naturaleza-curso-en-linea","status":"publish","type":"page","link":"https:\/\/eltrabajoquereconecta.org\/fl4m35\/psicologia-y-naturaleza-curso-en-linea\/","title":{"rendered":"Psychology &#038; Nature"},"content":{"rendered":"\n<figure class=\"wp-block-image alignfull size-large\"><img loading=\"lazy\" width=\"1024\" height=\"374\" src=\"https:\/\/eltrabajoquereconecta.org\/fl4m35\/wp-content\/uploads\/2021\/05\/psicnaturalezabanner-e1618367359774-1024x374-1.jpg\" alt=\"\" class=\"wp-image-1861\" srcset=\"https:\/\/eltrabajoquereconecta.org\/fl4m35\/wp-content\/uploads\/2021\/05\/psicnaturalezabanner-e1618367359774-1024x374-1.jpg 1024w, https:\/\/eltrabajoquereconecta.org\/fl4m35\/wp-content\/uploads\/2021\/05\/psicnaturalezabanner-e1618367359774-1024x374-1-300x110.jpg 300w, https:\/\/eltrabajoquereconecta.org\/fl4m35\/wp-content\/uploads\/2021\/05\/psicnaturalezabanner-e1618367359774-1024x374-1-768x281.jpg 768w\" sizes=\"(max-width: 1024px) 100vw, 1024px\" \/><\/figure>\n\n\n\n<h3 class=\"has-text-align-center\">MAY 11 TO JUNE 15<\/h3>\n\n\n\n<h4>The unprecedented historical moment of our days, evinced in the monumental socio-ecological problems we face, constitutes a multidimensional crisis deeply rooted in the human psyche. At the same time, <strong>the recognition that the human mind is one of the chief causes of the problems we face opens a profound opportunity for personal transformation and planetary regeneration.<\/strong><\/h4>\n\n\n\n<h4>The course seeks to heal the relation between humans and the rest of nature through a revaluation of the role and function of our species within the global ecosystem. From the direct encounter of the human mind with its planetary source and sustenance emerges a <strong>path of self-knowledge and well-being closely linked to caring for the Earth and the viability of future generations<\/strong>.<\/h4>\n\n\n\n<hr class=\"wp-block-separator is-style-dots\"\/>\n\n\n\n<h2 class=\"has-text-align-center\">We will explore:<\/h2>\n\n\n\n<ul><li>The historical episode of crisis and collapse we&#8217;re undergoing as a species, and the challenges and opportunities it offers us.<\/li><li>A transdisciplinary and integrative approach to the mind-nature connection and its effects on personal health and ecosystemic viability.<\/li><li>A scientific, philosophical, and experiential exploration of the Earth as a great teacher, counselor, and physician.<\/li><li>A renewed sense of connection to contemplative dimensions of our connection to the Earth, as well as the set of responsibilities that arise from a refined ecological awareness.<\/li><li>Ecospychological practices to complement your personal development and potentially support others to better navigate the multidimensional crisis we are facing.<\/li><\/ul>\n\n\n\n<hr class=\"wp-block-separator is-style-dots\"\/>\n\n\n\n<h2 class=\"has-text-align-center\">Structure<\/h2>\n\n\n\n<p>The course is composed of <strong>6 face-to-face online classes and 4 counseling sessions <\/strong>that combine <strong>presentations, dialogue, meditations, group activities, and Earth-reconnection practices.<\/strong><\/p>\n\n\n\n<section class=\"wp-block-uagb-columns uagb-columns__wrap uagb-columns__background-undefined uagb-columns__stack-mobile uagb-columns__valign-center uagb-columns__gap-10 alignundefined uagb-block-b9d4ed28\"><div class=\"uagb-columns__overlay\"><\/div><div class=\"uagb-columns__inner-wrap uagb-columns__columns-2\">\n<div class=\"wp-block-uagb-column uagb-column__wrap uagb-column__background-color uagb-block-1918a919\"><div class=\"uagb-column__overlay\"><\/div><div class=\"uagb-column__inner-wrap\">\n<h4 class=\"has-text-align-center\"><strong>5 classes of 2 hours<\/strong><\/h4>\n\n\n\n<p>once a week. Sessions are recorded for your convenience<\/p>\n<\/div><\/div>\n\n\n\n<div class=\"wp-block-uagb-column uagb-column__wrap uagb-column__background-color uagb-block-77592a29\"><div class=\"uagb-column__overlay\"><\/div><div class=\"uagb-column__inner-wrap\">\n<h4 class=\"has-text-align-center has-black-color has-text-color\"><strong>&nbsp;4 counseling sessions<\/strong><\/h4>\n<\/div><\/div>\n<\/div><\/section>\n\n\n\n<section class=\"wp-block-uagb-columns uagb-columns__wrap uagb-columns__background-undefined uagb-columns__stack-mobile uagb-columns__valign-center uagb-columns__gap-10 alignundefined uagb-block-f36b913f\"><div class=\"uagb-columns__overlay\"><\/div><div class=\"uagb-columns__inner-wrap uagb-columns__columns-2\">\n<div class=\"wp-block-uagb-column uagb-column__wrap uagb-column__background-color uagb-block-01dd2ad4\"><div class=\"uagb-column__overlay\"><\/div><div class=\"uagb-column__inner-wrap\">\n<h4 class=\"has-text-align-center\"><strong><strong><strong><strong>&nbsp;1 integration session<\/strong><\/strong><\/strong><\/strong><\/h4>\n\n\n\n<p class=\"has-text-align-center\">dedicated to questions and reflections<\/p>\n<\/div><\/div>\n\n\n\n<div class=\"wp-block-uagb-column uagb-column__wrap uagb-column__background-color uagb-block-68fe8d36\"><div class=\"uagb-column__overlay\"><\/div><div class=\"uagb-column__inner-wrap\">\n<h4 class=\"has-text-align-center has-black-color has-text-color\"><strong><strong>Learning materials and weekly practices<\/strong><\/strong><\/h4>\n<\/div><\/div>\n<\/div><\/section>\n\n\n\n<section class=\"wp-block-uagb-columns uagb-columns__wrap uagb-columns__background-undefined uagb-columns__stack-mobile uagb-columns__valign-center uagb-columns__gap-10 alignundefined uagb-block-6387a7bf\"><div class=\"uagb-columns__overlay\"><\/div><div class=\"uagb-columns__inner-wrap uagb-columns__columns-1\">\n<div class=\"wp-block-uagb-column uagb-column__wrap uagb-column__background-color uagb-block-e44f5faf\"><div class=\"uagb-column__overlay\"><\/div><div class=\"uagb-column__inner-wrap\">\n<h4 class=\"has-text-align-center has-black-color has-text-color\"><strong><strong>Constant contact with a learning community through the virtual classroom<\/strong><\/strong><\/h4>\n<\/div><\/div>\n<\/div><\/section>\n\n\n\n<section class=\"wp-block-uagb-columns uagb-columns__wrap uagb-columns__background-undefined uagb-columns__stack-mobile uagb-columns__valign-center uagb-columns__gap-10 alignundefined uagb-block-f4d58ef8\"><div class=\"uagb-columns__overlay\"><\/div><div class=\"uagb-columns__inner-wrap uagb-columns__columns-1\">\n<div class=\"wp-block-uagb-column uagb-column__wrap uagb-column__background-color uagb-block-dd0714fa\"><div class=\"uagb-column__overlay\"><\/div><div class=\"uagb-column__inner-wrap\">\n<h3 class=\"has-text-align-center has-black-color has-text-color\">Curriculum<\/h3>\n\n\n\n<h4 class=\"has-black-color has-text-color\"><strong>1.<\/strong> Planetary Crucible: Crisis &amp; Opportunity<\/h4>\n\n\n\n<h4 class=\"has-black-color has-text-color\"><strong>2. <\/strong>Nature as Source of Health &amp; Fulfillment<\/h4>\n\n\n\n<h4 class=\"has-black-color has-text-color\"><strong>3. <\/strong>Ecopsychology: Between Mind and Earth<\/h4>\n\n\n\n<h4 class=\"has-black-color has-text-color\"><strong>4. <\/strong>Ecopsychology &amp; the Sacred<\/h4>\n\n\n\n<h4 class=\"has-black-color has-text-color\"><strong>5. <\/strong>Eco-Resiliency<\/h4>\n\n\n\n<h4 class=\"has-black-color has-text-color\"><strong>6. <\/strong>Wild Mind<\/h4>\n<\/div><\/div>\n<\/div><\/section>\n\n\n\n<hr class=\"wp-block-separator is-style-dots\"\/>\n\n\n\n<h2 class=\"has-text-align-center\"><strong>Details<\/strong><\/h2>\n\n\n\n<p>We\u2019ll meet <strong>a total of 10 times between May 11 and June 15<\/strong> (6 sessions of 2 hours and 4 counseling sessions). Each class includes learning materials and practices. Approximately every two weeks there will be two 60 min. counseling sessions during the same week of our Tuesday session. The course finishes with an integration session (see Calendar).<\/p>\n\n\n\n<p>All sessions take place via <strong><a rel=\"noreferrer noopener\" href=\"https:\/\/zoom.us\/\" target=\"_blank\">Zoom<\/a><\/strong> (online platform). We use&nbsp;<a rel=\"noreferrer noopener\" href=\"https:\/\/new.edmodo.com\/\" target=\"_blank\"><strong>Edmodo<\/strong><\/a>&nbsp;as our virtual classroom, where we host educational contents and serves as a platform for student interaction. We recommend that you take some time to familiarize yourself with these simple platforms before the beginning of the course.<\/p>\n\n\n\n<section class=\"wp-block-uagb-columns uagb-columns__wrap uagb-columns__background-undefined uagb-columns__stack-mobile uagb-columns__valign-center uagb-columns__gap-10 alignundefined uagb-block-69898f69\"><div class=\"uagb-columns__overlay\"><\/div><div class=\"uagb-columns__inner-wrap uagb-columns__columns-1\">\n<div class=\"wp-block-uagb-column uagb-column__wrap uagb-column__background-color uagb-block-066f7383\"><div class=\"uagb-column__overlay\"><\/div><div class=\"uagb-column__inner-wrap\">\n<h4 class=\"has-text-align-center has-black-color has-text-color\">Weekly Schedule (Tuesdays)<\/h4>\n\n\n\n<h4 class=\"has-text-align-center\"><em><strong>5:00 pm EUA, PST<\/strong><\/em><\/h4>\n\n\n\n<h4 class=\"has-text-align-center\"><em><strong>7:00 pm Central M\u00e9xico <\/strong><\/em><\/h4>\n\n\n\n<h4 class=\"has-text-align-center\"><em><strong>7:00 pm Bogot\u00e1<\/strong><\/em><\/h4>\n\n\n\n<h4 class=\"has-text-align-center\"><em><strong>8:00 pm Santiago de Chile<\/strong><\/em><\/h4>\n\n\n\n<h4 class=\"has-text-align-center\"><em><strong>9:00 pm Brasilia<\/strong><\/em><\/h4>\n<\/div><\/div>\n<\/div><\/section>\n\n\n\n<hr class=\"wp-block-separator is-style-dots\"\/>\n\n\n\n<h2 class=\"has-text-align-center\">Calendar<\/h2>\n\n\n\n<figure class=\"wp-block-table aligncenter is-style-stripes margin-sides-2\"><table class=\"has-fixed-layout\"><thead><tr><th class=\"has-text-align-right\" data-align=\"right\">Date<\/th><th class=\"has-text-align-left\" data-align=\"left\"><em><strong>Topic<\/strong><\/em><\/th><\/tr><\/thead><tbody><tr><td class=\"has-text-align-right\" data-align=\"right\">May 11<\/td><td class=\"has-text-align-left\" data-align=\"left\"><strong><em>Session 1<\/em><\/strong><\/td><\/tr><tr><td class=\"has-text-align-right\" data-align=\"right\">May 18<\/td><td class=\"has-text-align-left\" data-align=\"left\"><strong><em>Session 2<\/em><\/strong><\/td><\/tr><tr><td class=\"has-text-align-right\" data-align=\"right\">May 20-22<\/td><td class=\"has-text-align-left\" data-align=\"left\"><strong><em>Counseling 1 &amp; 2<\/em><\/strong><\/td><\/tr><tr><td class=\"has-text-align-right\" data-align=\"right\">May 25<\/td><td class=\"has-text-align-left\" data-align=\"left\"><strong><em>Session 3<\/em><\/strong><\/td><\/tr><tr><td class=\"has-text-align-right\" data-align=\"right\">June 1<\/td><td class=\"has-text-align-left\" data-align=\"left\"><strong><em>Session 4<\/em><\/strong><\/td><\/tr><tr><td class=\"has-text-align-right\" data-align=\"right\">June 8<\/td><td class=\"has-text-align-left\" data-align=\"left\"><strong><em>Session 5<\/em><\/strong><\/td><\/tr><tr><td class=\"has-text-align-right\" data-align=\"right\">June 10-12<\/td><td class=\"has-text-align-left\" data-align=\"left\"><strong><em>Counseling 3 &amp; 4<\/em><\/strong><\/td><\/tr><tr><td class=\"has-text-align-right\" data-align=\"right\">June 15<\/td><td class=\"has-text-align-left\" data-align=\"left\"><strong><em>Session 6 <\/em><\/strong><em>(integration)<\/em><\/td><\/tr><\/tbody><\/table><\/figure>\n\n\n\n<hr class=\"wp-block-separator is-style-dots\"\/>\n\n\n\n<h3 class=\"has-text-align-center\">Who&#8217;s the course for?<\/h3>\n\n\n\n<p>El curso est\u00e1 dirigido a toda persona con inter\u00e9s en profundizar su entendimiento y vivencia de su conexi\u00f3n con la Tierra a un nivel psicol\u00f3gico, emocional y espiritual. Terapeutas, activistas, psic\u00f3logos, trabajadores sociales, ritualistas, coaches, profesionales de la salud y de la ense\u00f1anza encontrar\u00e1n el curso de especial inter\u00e9s.<\/p>\n\n\n\n<hr class=\"wp-block-separator is-style-dots\"\/>\n\n\n\n<h2 class=\"has-text-align-center\"><strong>Instructors<\/strong><\/h2>\n\n\n\n<div class=\"wp-block-uagb-info-box uagb-infobox__outer-wrap uagb-block-43952701\"><div class=\"uagb-infobox__content-wrap uagb-infobox uagb-infobox-has-image uagb-infobox-icon-left uagb-infobox-left uagb-infobox-stacked-tablet uagb-infobox-image-valign-top uagb-infobox-enable-border-radius \"><div class=\"uagb-ifb-left-right-wrap\"><div class=\"uagb-ifb-image-icon-content uagb-ifb-imgicon-wrap\"><div class=\"uagb-ifb-image\"><div class=\"uagb-ifb-image-content\"><img class=\"uagb-ifb-img-src\" src=\"https:\/\/eltrabajoquereconecta.org\/fl4m35\/wp-content\/uploads\/2021\/04\/adrianredonda-2.png\" alt=\"\"\/><\/div><\/div><\/div><div class=\"uagb-ifb-content\"><div class=\"uagb-ifb-title-wrap\"><h3 class=\"uagb-ifb-title\">Adri\u00e1n Villase\u00f1or Galarza<\/h3><\/div><div class=\"uagb-ifb-separator-parent\"><div class=\"uagb-ifb-separator\"><\/div><\/div><div class=\"uagb-ifb-text-wrap\"><p class=\"uagb-ifb-desc\">Adri\u00e1n is an international facilitator, author, academic contributor, transpersonal and systemic (eco) therapist, ritualist, and contemplative practitioner. He holds a master\u2019s degree in Holistic Science (UK) and a doctorate in Ecology, Psychology and Consciousness (USA). He has trained in various therapeutic modalities, including contemplative psychotherapy (USA) and systemic and transpersonal therapy (Spain, Mexico).<br><br>Adri\u00e1n\u2019s work is considered a Latin American reference when it comes to Deep Ecology, Ecopsychology and Earth-based Spirituality. His work is inspired by his experiences with native traditions of the Americas, his contemplative practice, and his animistic sensitivity (<a rel=\"noreferrer noopener\" href=\"https:\/\/eltrabajoquereconecta.org\/fl4m35\/bio\/\" target=\"_blank\">click here to learn more<\/a>).<br><br>adrian@living-flames.com<\/p><\/div><\/div><\/div><\/div><\/div>\n\n\n\n<div class=\"wp-block-uagb-info-box uagb-infobox__outer-wrap uagb-block-7353548d\"><div class=\"uagb-infobox__content-wrap uagb-infobox uagb-infobox-has-image uagb-infobox-icon-left uagb-infobox-left uagb-infobox-stacked-tablet uagb-infobox-image-valign-top uagb-infobox-enable-border-radius \"><div class=\"uagb-ifb-left-right-wrap\"><div class=\"uagb-ifb-image-icon-content uagb-ifb-imgicon-wrap\"><div class=\"uagb-ifb-image\"><div class=\"uagb-ifb-image-content\"><img class=\"uagb-ifb-img-src\" src=\"https:\/\/eltrabajoquereconecta.org\/fl4m35\/wp-content\/uploads\/2021\/04\/feliperedonda.png\" alt=\"\"\/><\/div><\/div><\/div><div class=\"uagb-ifb-content\"><div class=\"uagb-ifb-title-wrap\"><h3 class=\"uagb-ifb-title\"><strong><em>Felipe Landaeta Farizo<\/em><\/strong><\/h3><\/div><div class=\"uagb-ifb-separator-parent\"><div class=\"uagb-ifb-separator\"><\/div><\/div><div class=\"uagb-ifb-text-wrap\"><p class=\"uagb-ifb-desc\">Psychologist and professor at Adolfo Ib\u00e1\u00f1ez University (Chile) since 2009. Felipe has a PhD in Transpersonal and Integral Psychology from the California Institute of Integral Studies (USA).<br><br>He has trained in different experiential therapeutic techniques such as Focusing, Holotropic Breathwork, Systemic Constellations, and EMDR, and has a meditative experience and with native traditions for the last 15 years. Since 2010, he has been facilitating Holotropic Breathwork sessions and has had a clinical practice since 2009. In 2019 he conducted the study, \u201c<em>The impact of Joanna Macy\u2019s Work that Reconnects<\/em>\u201d (<a rel=\"noreferrer noopener\" href=\"https:\/\/holotropica.cl\/quienes-somos\/\" target=\"_blank\">click here to learn more<\/a>).<br><br>felipe.landaeta@uai.cl<\/p><\/div><\/div><\/div><\/div><\/div>\n\n\n\n<hr class=\"wp-block-separator is-style-dots\"\/>\n\n\n\n<h2 class=\"has-text-align-center\"><strong>Investment<\/strong><\/h2>\n\n\n\n<p>The cost of the course is <strong>$240.00 USD<\/strong><\/p>\n\n\n\n<p>If you sign up with a friend (2 people), each will receive a $25 USD discount. If you are interested in joining and don\u2019t have the financial resources to do so, please <strong><a rel=\"noreferrer noopener\" href=\"http:\/\/www.living-flames.com\/contacto\/\" target=\"_blank\">contact us<\/a><\/strong>.<\/p>\n\n\n\n<p><em>There\u2019s a minimum of 12 people registered for the course to run.<\/em><\/p>\n\n\n\n<hr class=\"wp-block-separator is-style-dots\"\/>\n\n\n\n<h2 class=\"has-text-align-center\"><strong>Registration<\/strong><\/h2>\n\n\n\n<p>Complete these two simple steps to register:<\/p>\n\n\n<div id=\"sp-ea-1469\" class=\"sp-ea-one sp-easy-accordion\" data-ex-icon=\"fa-minus\" data-col-icon=\"fa-plus\"  data-ea-active=\"ea-click\"  data-ea-mode=\"vertical\" data-preloader=\"\"><div class=\"ea-card  sp-ea-single\"><h3 class=\"ea-header\"><a class=\"collapsed\" data-sptoggle=\"spcollapse\" data-sptarget=\"#collapse14690\" href=\"javascript:void(0)\"><i class=\"ea-expand-icon fa fa-plus\"><\/i> 1. Llena el formato de inscripci\u00f3n aqu\u00ed.<\/a><\/h3><div class=\"sp-collapse spcollapse spcollapse\" id=\"collapse14690\" data-parent=\"#sp-ea-1469\"><div class=\"ea-body\"> <p><iframe src=\"https:\/\/docs.google.com\/forms\/d\/1uE_WyfYyqKnE6R6fVAPb4byj703vgDLhKBrIThh8kUs\/viewform?embedded=true\" width=\"640\" height=\"720\" frameborder=\"0\" marginwidth=\"0\" marginheight=\"0\">Carregando\u2026<\/iframe><\/p>\n <\/div><\/div><\/div><div class=\"ea-card  sp-ea-single\"><h3 class=\"ea-header\"><a class=\"collapsed\" data-sptoggle=\"spcollapse\" data-sptarget=\"#collapse14691\" href=\"javascript:void(0)\"><i class=\"ea-expand-icon fa fa-plus\"><\/i> 2. Realiza tu pago al darle click al bot\u00f3n \u00abcomprar ahora.\u00bb<\/a><\/h3><div class=\"sp-collapse spcollapse spcollapse\" id=\"collapse14691\" data-parent=\"#sp-ea-1469\"><div class=\"ea-body\"> <p><a href=\"https:\/\/www.paypal.com\/cgi-bin\/webscr?cmd=_s-xclick&hosted_button_id=YSANJ9WXJAXKJ\" target=\"_blank\" rel=\"noopener\"><img class=\"wp-image-1466 size-full aligncenter\" src=\"https:\/\/eltrabajoquereconecta.org\/fl4m35\/wp-content\/uploads\/2021\/04\/paypal-1-300x90-1.jpe\" alt=\"\" width=\"300\" height=\"90\" \/><\/a><\/p>\n <\/div><\/div><\/div><\/div>\n","protected":false},"excerpt":{"rendered":"<p>MAY 11 TO JUNE 15 The unprecedented historical moment of our days, evinced in the monumental socio-ecological problems we face, constitutes a multidimensional crisis deeply rooted in the human psyche. At the same time, the recognition that the human mind is one of the chief causes of the problems we face opens a profound opportunity &#8230; <a title=\"Psychology &#038; Nature\" class=\"read-more\" href=\"https:\/\/eltrabajoquereconecta.org\/fl4m35\/psicologia-y-naturaleza-curso-en-linea\/\" aria-label=\"More on Psychology &#038; Nature\">Read more<\/a><\/p>\n","protected":false},"author":1,"featured_media":0,"parent":0,"menu_order":0,"comment_status":"closed","ping_status":"closed","template":"","meta":{"spay_email":""},"uagb_featured_image_src":{"full":false,"thumbnail":false,"medium":false,"medium_large":false,"large":false,"1536x1536":false,"2048x2048":false},"uagb_author_info":{"display_name":"ormando","author_link":"https:\/\/eltrabajoquereconecta.org\/fl4m35\/author\/adrianvg7\/"},"uagb_comment_info":0,"uagb_excerpt":"MAY 11 TO JUNE 15 The unprecedented historical moment of our days, evinced in the monumental socio-ecological problems we face, constitutes a multidimensional crisis deeply rooted in the human psyche. At the same time, the recognition that the human mind is one of the chief causes of the problems we face opens a profound opportunity&hellip;","_links":{"self":[{"href":"https:\/\/eltrabajoquereconecta.org\/fl4m35\/wp-json\/wp\/v2\/pages\/957"}],"collection":[{"href":"https:\/\/eltrabajoquereconecta.org\/fl4m35\/wp-json\/wp\/v2\/pages"}],"about":[{"href":"https:\/\/eltrabajoquereconecta.org\/fl4m35\/wp-json\/wp\/v2\/types\/page"}],"author":[{"embeddable":true,"href":"https:\/\/eltrabajoquereconecta.org\/fl4m35\/wp-json\/wp\/v2\/users\/1"}],"replies":[{"embeddable":true,"href":"https:\/\/eltrabajoquereconecta.org\/fl4m35\/wp-json\/wp\/v2\/comments?post=957"}],"version-history":[{"count":53,"href":"https:\/\/eltrabajoquereconecta.org\/fl4m35\/wp-json\/wp\/v2\/pages\/957\/revisions"}],"predecessor-version":[{"id":2166,"href":"https:\/\/eltrabajoquereconecta.org\/fl4m35\/wp-json\/wp\/v2\/pages\/957\/revisions\/2166"}],"wp:attachment":[{"href":"https:\/\/eltrabajoquereconecta.org\/fl4m35\/wp-json\/wp\/v2\/media?parent=957"}],"curies":[{"name":"wp","href":"https:\/\/api.w.org\/{rel}","templated":true}]}}