{"id":1776,"date":"2021-05-08T15:02:25","date_gmt":"2021-05-08T15:02:25","guid":{"rendered":"https:\/\/eltrabajoquereconecta.org\/fl4m35\/?page_id=1776"},"modified":"2021-05-09T23:12:08","modified_gmt":"2021-05-09T23:12:08","slug":"alma-ancestral-2","status":"publish","type":"page","link":"https:\/\/eltrabajoquereconecta.org\/fl4m35\/es\/alma-ancestral-2\/","title":{"rendered":"Alma Ancestral"},"content":{"rendered":"\n<figure class=\"wp-block-image alignfull size-large\"><img loading=\"lazy\" width=\"1024\" height=\"419\" src=\"https:\/\/eltrabajoquereconecta.org\/fl4m35\/wp-content\/uploads\/2021\/04\/almaabanner-e1618436358467-1024x419.png\" alt=\"\" class=\"wp-image-196\" srcset=\"https:\/\/eltrabajoquereconecta.org\/fl4m35\/wp-content\/uploads\/2021\/04\/almaabanner-e1618436358467-1024x419.png 1024w, https:\/\/eltrabajoquereconecta.org\/fl4m35\/wp-content\/uploads\/2021\/04\/almaabanner-e1618436358467-300x123.png 300w, https:\/\/eltrabajoquereconecta.org\/fl4m35\/wp-content\/uploads\/2021\/04\/almaabanner-e1618436358467-768x314.png 768w, https:\/\/eltrabajoquereconecta.org\/fl4m35\/wp-content\/uploads\/2021\/04\/almaabanner-e1618436358467-600x246.png 600w, https:\/\/eltrabajoquereconecta.org\/fl4m35\/wp-content\/uploads\/2021\/04\/almaabanner-e1618436358467.png 1080w\" sizes=\"(max-width: 1024px) 100vw, 1024px\" \/><\/figure>\n\n\n\n<h3 class=\"has-text-align-center\">5 OCTUBRE &#8211; 9 NOVIEMBRE<\/h3>\n\n\n\n<h4 class=\"has-text-align-center\"><strong>En este curso en l\u00ednea viajaremos por los caminos sist\u00e9micos y transpersonales que, con cada paso, nos invitan a seguir la sutil y a la vez contundente gu\u00eda del alma.<\/strong><\/h4>\n\n\n\n<h4>La terapia sist\u00e9mica y la psicolog\u00eda transpersonal en di\u00e1logo con una&nbsp;<strong>perspectiva ancestral&nbsp;<\/strong>hacen del reconocimiento de lo esencial en nuestras vidas una necesidad b\u00e1sica para cualquier persona en b\u00fasqueda de salud y plenitud.<\/h4>\n\n\n\n<h4>La exploraci\u00f3n de lo esencial en nosotros mismos a trav\u00e9s de la lente de una&nbsp;<strong>psicolog\u00eda expandida<\/strong>&nbsp;invita un&nbsp;<strong>movimiento hacia la sanaci\u00f3n<\/strong>. Para que este encuentro con el alma tenga lugar, es necesario equiparnos con las herramientas y aliados que nos permitan depurar la relaci\u00f3n que tenemos con nosotros mismos y nuestras familias.<\/h4>\n\n\n\n<h4>El&nbsp;<strong>alma ancestral<\/strong>&nbsp;lleva consigo una genuina invitaci\u00f3n de toma de conciencia, reconciliaci\u00f3n y aceptaci\u00f3n, desde donde se vuelve posible&nbsp;<strong>honrar nuestras ra\u00edces<\/strong>&nbsp;y&nbsp;<strong>desplegar nuestras alas<\/strong>.<\/h4>\n\n\n\n<hr class=\"wp-block-separator is-style-dots\"\/>\n\n\n\n<h2 class=\"has-text-align-center\">Exploraremos:<\/h2>\n\n\n\n<ul><li>Pr\u00e1cticas para profundizar tu camino de&nbsp;<strong>autoconocimiento y potenciar tu caminar por la vida.<\/strong><\/li><li>Conceptos, marcos comprensivos y material did\u00e1ctico para comprender e interpretar los&nbsp;<strong>movimientos de la psique<\/strong>&nbsp;y el&nbsp;<strong>alma en direcci\u00f3n a la salud.<\/strong><\/li><li>Una exploraci\u00f3n&nbsp;<strong>profunda y transgeneracional<\/strong>&nbsp;que pone de manifiesto las din\u00e1micas psicol\u00f3gicas que informan tus relaciones.<\/li><li>Una mirada m\u00e1s amplia de los enredos o problem\u00e1ticas de tu vida diaria, que invita una acrecentada<strong>&nbsp;capacidad compasiva de auto-regulaci\u00f3n emocional.<\/strong><\/li><li>Un acercamiento&nbsp;<strong>ritual<\/strong>&nbsp;en torno a la activaci\u00f3n de tus potenciales y regalos del&nbsp;<strong>alma<\/strong>&nbsp;para el&nbsp;<strong>florecimiento individual y colectivo<\/strong>.<\/li><li>Pr\u00e1cticas que puedes incorporar en tu trabajo en caso que te dediques al&nbsp;<strong>campo de la sanaci\u00f3n y la salud mental<\/strong>.<\/li><\/ul>\n\n\n\n<hr class=\"wp-block-separator is-style-dots\"\/>\n\n\n\n<h2 class=\"has-text-align-center\"><strong>Estructura<\/strong><\/h2>\n\n\n\n<p>El curso, enteramente en l\u00ednea, consta de&nbsp;<strong>6 clases en vivo<\/strong>&nbsp;y&nbsp;<strong>4 sesiones de acompa\u00f1amiento<\/strong>, en las que combinaremos&nbsp;<strong>presentaciones, di\u00e1logo, meditaciones, intervenciones sist\u00e9micas y ritual<\/strong>.<\/p>\n\n\n\n<section class=\"wp-block-uagb-columns uagb-columns__wrap uagb-columns__background-undefined uagb-columns__stack-mobile uagb-columns__valign-center uagb-columns__gap-10 alignundefined uagb-block-03fe9140\"><div class=\"uagb-columns__overlay\"><\/div><div class=\"uagb-columns__inner-wrap uagb-columns__columns-2\">\n<div class=\"wp-block-uagb-column uagb-column__wrap uagb-column__background-color uagb-block-9e924a80\"><div class=\"uagb-column__overlay\"><\/div><div class=\"uagb-column__inner-wrap\">\n<h4 class=\"has-text-align-center\"><strong><strong><strong>5 clases de 2 horas<\/strong><\/strong><\/strong><\/h4>\n\n\n\n<p class=\"has-text-align-center\">Una por semana. Las sesiones ser\u00e1n grabadas para su posterior consulta.<\/p>\n<\/div><\/div>\n\n\n\n<div class=\"wp-block-uagb-column uagb-column__wrap uagb-column__background-color uagb-block-8ce70b07\"><div class=\"uagb-column__overlay\"><\/div><div class=\"uagb-column__inner-wrap\">\n<h4 class=\"has-text-align-center has-black-color has-text-color\"><strong><strong>4 sesiones de acompa\u00f1amiento<\/strong><\/strong><\/h4>\n\n\n\n<p class=\"has-text-align-center\">en las que se aborda el proceso individual y grupal en relaci\u00f3n a las tem\u00e1ticas del curso.<\/p>\n<\/div><\/div>\n<\/div><\/section>\n\n\n\n<section class=\"wp-block-uagb-columns uagb-columns__wrap uagb-columns__background-undefined uagb-columns__stack-mobile uagb-columns__valign-center uagb-columns__gap-10 alignundefined uagb-block-dc53ea38\"><div class=\"uagb-columns__overlay\"><\/div><div class=\"uagb-columns__inner-wrap uagb-columns__columns-2\">\n<div class=\"wp-block-uagb-column uagb-column__wrap uagb-column__background-color uagb-block-c7f84362\"><div class=\"uagb-column__overlay\"><\/div><div class=\"uagb-column__inner-wrap\">\n<h4 class=\"has-text-align-center\"><strong><strong>1 clase de integraci\u00f3n<\/strong><\/strong><\/h4>\n\n\n\n<h4 class=\"has-text-align-center\">enteramente dedicada a preguntas y reflexiones.<\/h4>\n<\/div><\/div>\n\n\n\n<div class=\"wp-block-uagb-column uagb-column__wrap uagb-column__background-color uagb-block-68499022\"><div class=\"uagb-column__overlay\"><\/div><div class=\"uagb-column__inner-wrap\">\n<h4 class=\"has-text-align-center has-black-color has-text-color\"><strong><strong><strong>Material de apoyo, lecturas y pr\u00e1cticas semanales<\/strong><\/strong><\/strong><\/h4>\n<\/div><\/div>\n<\/div><\/section>\n\n\n\n<section class=\"wp-block-uagb-columns uagb-columns__wrap uagb-columns__background-undefined uagb-columns__stack-mobile uagb-columns__valign-center uagb-columns__gap-10 alignundefined uagb-block-d3224a5b\"><div class=\"uagb-columns__overlay\"><\/div><div class=\"uagb-columns__inner-wrap uagb-columns__columns-1\">\n<div class=\"wp-block-uagb-column uagb-column__wrap uagb-column__background-color uagb-block-d08b2f82\"><div class=\"uagb-column__overlay\"><\/div><div class=\"uagb-column__inner-wrap\">\n<h4 class=\"has-text-align-center\"><strong><strong><strong>Contacto constante con la comunidad de aprendizaje a trav\u00e9s del aula virtual<\/strong><\/strong><\/strong><\/h4>\n<\/div><\/div>\n<\/div><\/section>\n\n\n\n<section class=\"wp-block-uagb-columns uagb-columns__wrap uagb-columns__background-undefined uagb-columns__stack-mobile uagb-columns__valign-center uagb-columns__gap-10 alignundefined uagb-block-c7de0d75\"><div class=\"uagb-columns__overlay\"><\/div><div class=\"uagb-columns__inner-wrap uagb-columns__columns-1\">\n<div class=\"wp-block-uagb-column uagb-column__wrap uagb-column__background-color uagb-block-5111fcee\"><div class=\"uagb-column__overlay\"><\/div><div class=\"uagb-column__inner-wrap\">\n<h3 class=\"has-text-align-center has-black-color has-text-color\">Curriculum<\/h3>\n\n\n\n<h4 class=\"has-black-color has-text-color\"><strong>1.<\/strong> Los ancestros del alma y su medicina<\/h4>\n\n\n\n<h4 class=\"has-black-color has-text-color\"><strong>2. <\/strong>Alimentando el altar interno<\/h4>\n\n\n\n<h4 class=\"has-black-color has-text-color\"><strong>3. <\/strong>Espiritualidad, trance y ritual<\/h4>\n\n\n\n<h4 class=\"has-black-color has-text-color\"><strong>4. <\/strong>Trauma y lo transpersonal<\/h4>\n\n\n\n<h4 class=\"has-black-color has-text-color\"><strong>5. <\/strong>Escogiendo la vida<\/h4>\n\n\n\n<h4 class=\"has-black-color has-text-color\"><strong>6. <\/strong>Destino y plenitud<\/h4>\n<\/div><\/div>\n<\/div><\/section>\n\n\n\n<hr class=\"wp-block-separator is-style-dots\"\/>\n\n\n\n<h2 class=\"has-text-align-center\">Detalles<\/h2>\n\n\n\n<p>Nos reuniremos un <strong>total de 10 veces entre el 5 de octubre y el 9 de noviembre<\/strong> (6 sesiones de 2 horas y 4 sesiones de acompa\u00f1amiento). Cada clase incluye material de apoyo y pr\u00e1cticas. Aproximadamente cada dos semanas habr\u00e1 dos sesiones de acompa\u00f1amiento de 60 minutos durante la misma semana que la sesi\u00f3n de los martes. <\/p>\n\n\n\n<p>Finalizaremos el curso con una sesi\u00f3n de integraci\u00f3n (ver Calendario).<\/p>\n\n\n\n<p>Las sesiones en vivo y los grupos de acompa\u00f1amiento tienen lugar a trav\u00e9s de la plataforma <a rel=\"noreferrer noopener\" href=\"https:\/\/zoom.us\/\" target=\"_blank\"><strong>Zoom<\/strong><\/a>. La plataforma educativa <a rel=\"noreferrer noopener\" href=\"https:\/\/new.edmodo.com\" target=\"_blank\"><strong>Edmodo<\/strong><\/a> hospedar\u00e1 los contenidos tem\u00e1ticos y servir\u00e1 como espacio de interacci\u00f3n. Te recomendamos darte un tiempo para familiarizarte con estas simples tecnolog\u00edas antes del comienzo del curso.<\/p>\n\n\n\n<section class=\"wp-block-uagb-columns uagb-columns__wrap uagb-columns__background-undefined uagb-columns__stack-mobile uagb-columns__valign-center uagb-columns__gap-10 alignundefined uagb-block-041b7e04\"><div class=\"uagb-columns__overlay\"><\/div><div class=\"uagb-columns__inner-wrap uagb-columns__columns-1\">\n<div class=\"wp-block-uagb-column uagb-column__wrap uagb-column__background-color uagb-block-82394f3e\"><div class=\"uagb-column__overlay\"><\/div><div class=\"uagb-column__inner-wrap\">\n<h4 class=\"has-text-align-center has-black-color has-text-color\">Horario de clases semanales <br>(martes)<\/h4>\n\n\n\n<h4 class=\"has-text-align-center\"><em><strong>5:00 pm EUA, PST<\/strong><\/em><\/h4>\n\n\n\n<h4 class=\"has-text-align-center\"><em><strong>7:00 pm M\u00e9xico central<\/strong><\/em><\/h4>\n\n\n\n<h4 class=\"has-text-align-center\"><strong><em>7:00 pm Bogot\u00e1 <\/em><\/strong><\/h4>\n\n\n\n<h4 class=\"has-text-align-center\"><em><strong>8:00 pm Santiago de Chile<\/strong><\/em><\/h4>\n\n\n\n<h4 class=\"has-text-align-center\"><em><strong>9:00 pm Brasilia<\/strong><\/em><\/h4>\n<\/div><\/div>\n<\/div><\/section>\n\n\n\n<hr class=\"wp-block-separator is-style-dots\"\/>\n\n\n\n<h2 class=\"has-text-align-center\">Calendario<\/h2>\n\n\n\n<figure class=\"wp-block-table aligncenter is-style-stripes margin-sides-2\"><table class=\"has-fixed-layout\"><thead><tr><th class=\"has-text-align-right\" data-align=\"right\">Fecha<\/th><th class=\"has-text-align-left\" data-align=\"left\"><em><strong>Tema<\/strong><\/em><\/th><\/tr><\/thead><tbody><tr><td class=\"has-text-align-right\" data-align=\"right\">5 de octubre<\/td><td class=\"has-text-align-left\" data-align=\"left\"><strong><em><em><strong>Los ancestros del alma y su medicina<\/strong><\/em><\/em><\/strong><\/td><\/tr><tr><td class=\"has-text-align-right\" data-align=\"right\">12 de octubre<\/td><td class=\"has-text-align-left\" data-align=\"left\"><strong><em><em><strong>Alimentando el altar interno<\/strong><\/em><\/em><\/strong><\/td><\/tr><tr><td class=\"has-text-align-right\" data-align=\"right\">14-16 de octubre<\/td><td class=\"has-text-align-left\" data-align=\"left\"><strong><em><em><strong><strong><em><strong>Acompa\u00f1amiento 1 y 2<\/strong><\/em><\/strong><\/strong><\/em><\/em><\/strong><\/td><\/tr><tr><td class=\"has-text-align-right\" data-align=\"right\">19 de octubre<\/td><td class=\"has-text-align-left\" data-align=\"left\"><strong><em><em><strong><strong><em><strong>Espiritualidad, trance y ritual<\/strong><\/em><\/strong><\/strong><\/em><\/em><\/strong><\/td><\/tr><tr><td class=\"has-text-align-right\" data-align=\"right\">26 de octubre<\/td><td class=\"has-text-align-left\" data-align=\"left\"><strong><em><em><strong>El trauma y lo transpersonal<\/strong><\/em><\/em><\/strong><\/td><\/tr><tr><td class=\"has-text-align-right\" data-align=\"right\">28-30 de octubre<\/td><td class=\"has-text-align-left\" data-align=\"left\"><strong><em><em><strong><strong><em><strong>Acompa\u00f1amiento 3 y 4<\/strong><\/em><\/strong><\/strong><\/em><\/em><\/strong><\/td><\/tr><tr><td class=\"has-text-align-right\" data-align=\"right\">2 de noviembre<\/td><td class=\"has-text-align-left\" data-align=\"left\"><strong><em><em><strong>Escogiendo la vida<\/strong><\/em><\/em><\/strong><\/td><\/tr><tr><td class=\"has-text-align-right\" data-align=\"right\">9 de noviembre<\/td><td class=\"has-text-align-left\" data-align=\"left\"><strong><em><em><strong>Destino y plenitud<\/strong><\/em><\/em><\/strong><\/td><\/tr><\/tbody><\/table><\/figure>\n\n\n\n<hr class=\"wp-block-separator is-style-dots\"\/>\n\n\n\n<h2 class=\"has-text-align-center\">\u00bfPara qui\u00e9n est\u00e1 dirigido?<\/h2>\n\n\n\n<p>El curso est\u00e1 dirigido a terapeutas, psic\u00f3logos, trabajadores sociales, ritualistas, coaches, profesionales de la salud y de la ense\u00f1anza y a toda persona con inter\u00e9s en el camino de la salud del alma, el desarrollo personal y el bienestar psico-emocional personal y familiar.<\/p>\n\n\n\n<hr class=\"wp-block-separator is-style-dots\"\/>\n\n\n\n<h2 class=\"has-text-align-center\">Facilitaci\u00f3n<\/h2>\n\n\n\n<div class=\"wp-block-uagb-info-box uagb-infobox__outer-wrap uagb-block-305c7d8b\"><div class=\"uagb-infobox__content-wrap uagb-infobox uagb-infobox-has-image uagb-infobox-icon-left uagb-infobox-left uagb-infobox-stacked-tablet uagb-infobox-image-valign-top uagb-infobox-enable-border-radius \"><div class=\"uagb-ifb-left-right-wrap\"><div class=\"uagb-ifb-image-icon-content uagb-ifb-imgicon-wrap\"><div class=\"uagb-ifb-image\"><div class=\"uagb-ifb-image-content\"><img class=\"uagb-ifb-img-src\" src=\"https:\/\/eltrabajoquereconecta.org\/fl4m35\/wp-content\/uploads\/2021\/04\/adrianredonda-2.png\" alt=\"\"\/><\/div><\/div><\/div><div class=\"uagb-ifb-content\"><div class=\"uagb-ifb-title-wrap\"><h3 class=\"uagb-ifb-title\">Adri\u00e1n Villase\u00f1or Galarza<\/h3><\/div><div class=\"uagb-ifb-separator-parent\"><div class=\"uagb-ifb-separator\"><\/div><\/div><div class=\"uagb-ifb-text-wrap\"><p class=\"uagb-ifb-desc\">Adri\u00e1n es facilitador internacional, autor, colaborador acad\u00e9mico, (eco)terapeuta sist\u00e9mico y transpersonal y practicante contemplativo. Cuenta con una maestr\u00eda en Ciencia Hol\u00edstica (Reino Unido) y un doctorado en Ecolog\u00eda, Psicolog\u00eda y Conciencia (EUA), a la par de haberse formado en psicoterapia contemplativa (EUA) y terapia sist\u00e9mica y transpersonal (Espa\u00f1a, M\u00e9xico). <br><br>El trabajo de Adri\u00e1n es considerado un referente latinoamericano en ecolog\u00eda profunda, ecopsicolog\u00eda y espiritualidad de la Tierra. Su labor est\u00e1 inspirada por sus experiencias con tradiciones originarias de las Am\u00e9ricas, as\u00ed como por su pr\u00e1ctica contemplativa y sensibilidad anim\u00edstica (<a rel=\"noreferrer noopener\" href=\"http:\/\/www.living-flames.com\/es\/adrian-villasenor-galarza\/\" target=\"_blank\">da click aqu\u00ed<\/a>&nbsp;para mayor informaci\u00f3n).<br><br>adrian@living-flames.com<\/p><\/div><\/div><\/div><\/div><\/div>\n\n\n\n<div class=\"wp-block-uagb-info-box uagb-infobox__outer-wrap uagb-block-3ce70f74\"><div class=\"uagb-infobox__content-wrap uagb-infobox uagb-infobox-has-image uagb-infobox-icon-left uagb-infobox-left uagb-infobox-stacked-tablet uagb-infobox-image-valign-top uagb-infobox-enable-border-radius \"><div class=\"uagb-ifb-left-right-wrap\"><div class=\"uagb-ifb-image-icon-content uagb-ifb-imgicon-wrap\"><div class=\"uagb-ifb-image\"><div class=\"uagb-ifb-image-content\"><img class=\"uagb-ifb-img-src\" src=\"https:\/\/eltrabajoquereconecta.org\/fl4m35\/wp-content\/uploads\/2021\/04\/feliperedonda.png\" alt=\"\"\/><\/div><\/div><\/div><div class=\"uagb-ifb-content\"><div class=\"uagb-ifb-title-wrap\"><h3 class=\"uagb-ifb-title\"><strong><em>Felipe Landaeta Farizo<\/em><\/strong><\/h3><\/div><div class=\"uagb-ifb-separator-parent\"><div class=\"uagb-ifb-separator\"><\/div><\/div><div class=\"uagb-ifb-text-wrap\"><p class=\"uagb-ifb-desc\">Psic\u00f3logo, profesor de la Univ. Adolfo Ib\u00e1\u00f1ez (Chile) desde 2009. PhD en Psicolog\u00eda Transpersonal e Integral del California Institute of Integral Studies (EUA). Se ha formado en diferentes m\u00e9todos experienciales de terapia como Focusing, Respiraci\u00f3n Holotr\u00f3pica, Constelaciones Sist\u00e9micas, EMDR y ha tenido experiencia personal meditativa y con tradiciones nativas durante los \u00faltimos 15 a\u00f1os. <br><br>Desde 2010 facilita sesiones de Respiraci\u00f3n Holotr\u00f3pica y desde 2009 realiza atenci\u00f3n de pacientes. En 2019 conduce el estudio \u201cEl impacto de El Trabajo que Reconecta de Joanna Macy\u201d (<a rel=\"noreferrer noopener\" href=\"https:\/\/holotropica.cl\/quienes-somos\/\" target=\"_blank\">da click aqu\u00ed<\/a>&nbsp;para mayor informaci\u00f3n).<br><br>felipe.landaeta@uai.cl<\/p><\/div><\/div><\/div><\/div><\/div>\n\n\n\n<hr class=\"wp-block-separator is-style-dots\"\/>\n\n\n\n<h2 class=\"has-text-align-center\">Inversi\u00f3n<\/h2>\n\n\n\n<p>La inversi\u00f3n por la totalidad del curso es de<\/p>\n\n\n\n<ul><li><strong>$175.00 d\u00f3lares estadounidenses<\/strong>&nbsp;(USD)<\/li><li><strong>$3680 pesos mexicanos<\/strong>&nbsp;(MXN)<\/li><li><strong>$133,575 pesos chilenos<\/strong>&nbsp;(CLP)<\/li><li><strong>$924 reales brasile\u00f1os<\/strong>&nbsp;(BRL) para los residentes de Latinoam\u00e9rica.<\/li><\/ul>\n\n\n\n<ul><li><em>Si te inscribes con un amig@ (2 personas), cada uno recibir\u00e1 un descuento de $25 USD.<\/em><\/li><li><em>Si no vives en Latinoam\u00e9rica, la inversi\u00f3n del curso es de $240.00 d\u00f3lares estadounidenses (USD).<\/em><\/li><li><em>Si est\u00e1s seriamente interesado en participar y no cuentas con los recursos econ\u00f3micos necesarios, por favor&nbsp;<a href=\"http:\/\/www.living-flames.com\/contacto\/\"><strong>ponte en contacto con nosotros<\/strong><\/a>.<\/em><\/li><\/ul>\n\n\n\n<p><em>* Para que el curso se lleve a cabo, es necesario contar con un m\u00ednimo de 12 personas inscritas.<\/em><\/p>\n\n\n\n<hr class=\"wp-block-separator is-style-dots\"\/>\n\n\n\n<h2 class=\"has-text-align-center\">Inscripciones<\/h2>\n\n\n\n<p>Sigue estos dos simples pasos para completar tu inscripci\u00f3n:<\/p>\n\n\n<div id=\"sp-ea-1398\" class=\"sp-ea-one sp-easy-accordion\" data-ex-icon=\"fa-minus\" data-col-icon=\"fa-plus\"  data-ea-active=\"ea-click\"  data-ea-mode=\"vertical\" data-preloader=\"\"><div class=\"ea-card  sp-ea-single\"><h3 class=\"ea-header\"><a class=\"collapsed\" data-sptoggle=\"spcollapse\" data-sptarget=\"#collapse13980\" href=\"javascript:void(0)\"><i class=\"ea-expand-icon fa fa-plus\"><\/i> 1. Llena el formato de inscripci\u00f3n aqu\u00ed.<\/a><\/h3><div class=\"sp-collapse spcollapse spcollapse\" id=\"collapse13980\" ><div class=\"ea-body\"> <p><iframe src=\"https:\/\/docs.google.com\/forms\/d\/e\/1FAIpQLSevNE-lpkmLwKcPDHsVTmaaEIpknOTKsmBh8P20Xl7Phkxa5A\/closedform\" width=\"640\" height=\"720\" frameborder=\"0\" marginwidth=\"0\" marginheight=\"0\">Carregando\u2026<\/iframe><\/p>\n <\/div><\/div><\/div><div class=\"ea-card  sp-ea-single\"><h3 class=\"ea-header\"><a class=\"collapsed\" data-sptoggle=\"spcollapse\" data-sptarget=\"#collapse13981\" href=\"javascript:void(0)\"><i class=\"ea-expand-icon fa fa-plus\"><\/i> 2. Realiza tu pago al darle click al bot\u00f3n \u00abcomprar ahora.\u00bb<\/a><\/h3><div class=\"sp-collapse spcollapse spcollapse\" id=\"collapse13981\" ><div class=\"ea-body\"> <p><a href=\"https:\/\/www.paypal.com\/cgi-bin\/webscr?cmd=_s-xclick&amp;hosted_button_id=JPFV9S9FQUX46\" target=\"_blank\" rel=\"noopener\"><img class=\"aligncenter wp-image-1466 size-full\" src=\"https:\/\/eltrabajoquereconecta.org\/fl4m35\/wp-content\/uploads\/2021\/04\/paypal-1-300x90-1.jpe\" alt=\"\" width=\"300\" height=\"90\" \/><\/a><\/p>\n <\/div><\/div><\/div><\/div>\n\n\n\n<p><\/p>\n","protected":false},"excerpt":{"rendered":"<p>5 OCTUBRE &#8211; 9 NOVIEMBRE En este curso en l\u00ednea viajaremos por los caminos sist\u00e9micos y transpersonales que, con cada paso, nos invitan a seguir la sutil y a la vez contundente gu\u00eda del alma. La terapia sist\u00e9mica y la psicolog\u00eda transpersonal en di\u00e1logo con una&nbsp;perspectiva ancestral&nbsp;hacen del reconocimiento de lo esencial en nuestras vidas &#8230; <a title=\"Alma Ancestral\" class=\"read-more\" href=\"https:\/\/eltrabajoquereconecta.org\/fl4m35\/es\/alma-ancestral-2\/\" aria-label=\"More on Alma Ancestral\">Read more<\/a><\/p>\n","protected":false},"author":2,"featured_media":0,"parent":0,"menu_order":0,"comment_status":"closed","ping_status":"closed","template":"","meta":{"spay_email":""},"uagb_featured_image_src":{"full":false,"thumbnail":false,"medium":false,"medium_large":false,"large":false,"1536x1536":false,"2048x2048":false},"uagb_author_info":{"display_name":"adrianvg","author_link":"https:\/\/eltrabajoquereconecta.org\/fl4m35\/author\/adrianvg\/"},"uagb_comment_info":0,"uagb_excerpt":"5 OCTUBRE &#8211; 9 NOVIEMBRE En este curso en l\u00ednea viajaremos por los caminos sist\u00e9micos y transpersonales que, con cada paso, nos invitan a seguir la sutil y a la vez contundente gu\u00eda del alma. La terapia sist\u00e9mica y la psicolog\u00eda transpersonal en di\u00e1logo con una&nbsp;perspectiva ancestral&nbsp;hacen del reconocimiento de lo esencial en nuestras vidas&hellip;","_links":{"self":[{"href":"https:\/\/eltrabajoquereconecta.org\/fl4m35\/wp-json\/wp\/v2\/pages\/1776"}],"collection":[{"href":"https:\/\/eltrabajoquereconecta.org\/fl4m35\/wp-json\/wp\/v2\/pages"}],"about":[{"href":"https:\/\/eltrabajoquereconecta.org\/fl4m35\/wp-json\/wp\/v2\/types\/page"}],"author":[{"embeddable":true,"href":"https:\/\/eltrabajoquereconecta.org\/fl4m35\/wp-json\/wp\/v2\/users\/2"}],"replies":[{"embeddable":true,"href":"https:\/\/eltrabajoquereconecta.org\/fl4m35\/wp-json\/wp\/v2\/comments?post=1776"}],"version-history":[{"count":10,"href":"https:\/\/eltrabajoquereconecta.org\/fl4m35\/wp-json\/wp\/v2\/pages\/1776\/revisions"}],"predecessor-version":[{"id":2189,"href":"https:\/\/eltrabajoquereconecta.org\/fl4m35\/wp-json\/wp\/v2\/pages\/1776\/revisions\/2189"}],"wp:attachment":[{"href":"https:\/\/eltrabajoquereconecta.org\/fl4m35\/wp-json\/wp\/v2\/media?parent=1776"}],"curies":[{"name":"wp","href":"https:\/\/api.w.org\/{rel}","templated":true}]}}