{"id":1447,"date":"2021-04-26T19:42:43","date_gmt":"2021-04-26T19:42:43","guid":{"rendered":"https:\/\/eltrabajoquereconecta.org\/fl4m35\/?page_id=1447"},"modified":"2021-05-09T21:40:18","modified_gmt":"2021-05-09T21:40:18","slug":"ritual-es","status":"publish","type":"page","link":"https:\/\/eltrabajoquereconecta.org\/fl4m35\/es\/ritual-es\/","title":{"rendered":"Rituales"},"content":{"rendered":"\n<div class=\"wp-block-cover alignfull has-background-dim\" style=\"min-height:360px\"><img loading=\"lazy\" width=\"1920\" height=\"1280\" class=\"wp-block-cover__image-background wp-image-1580\" alt=\"\" src=\"https:\/\/eltrabajoquereconecta.org\/fl4m35\/wp-content\/uploads\/2021\/05\/stefano-girardelli-dYYBqghqF2M-unsplash-1-1.jpg\" style=\"object-position:66% 92%\" data-object-fit=\"cover\" data-object-position=\"66% 92%\" srcset=\"https:\/\/eltrabajoquereconecta.org\/fl4m35\/wp-content\/uploads\/2021\/05\/stefano-girardelli-dYYBqghqF2M-unsplash-1-1.jpg 1920w, https:\/\/eltrabajoquereconecta.org\/fl4m35\/wp-content\/uploads\/2021\/05\/stefano-girardelli-dYYBqghqF2M-unsplash-1-1-300x200.jpg 300w, https:\/\/eltrabajoquereconecta.org\/fl4m35\/wp-content\/uploads\/2021\/05\/stefano-girardelli-dYYBqghqF2M-unsplash-1-1-1024x683.jpg 1024w, https:\/\/eltrabajoquereconecta.org\/fl4m35\/wp-content\/uploads\/2021\/05\/stefano-girardelli-dYYBqghqF2M-unsplash-1-1-768x512.jpg 768w, https:\/\/eltrabajoquereconecta.org\/fl4m35\/wp-content\/uploads\/2021\/05\/stefano-girardelli-dYYBqghqF2M-unsplash-1-1-1536x1024.jpg 1536w\" sizes=\"(max-width: 1920px) 100vw, 1920px\" \/><div class=\"wp-block-cover__inner-container\">\n<div style=\"height:20px\" aria-hidden=\"true\" class=\"wp-block-spacer\"><\/div>\n\n\n\n<blockquote class=\"wp-block-quote has-text-align-center\"><p><strong><strong>La funci\u00f3n del ritual, seg\u00fan lo entiendo, es dar forma a la vida humana, no como una mera disposici\u00f3n superficial, sino en profundidad.<\/strong><\/strong><\/p><cite>Joseph Campbell<\/cite><\/blockquote>\n<\/div><\/div>\n\n\n\n<p>Desde tiempos inmemoriales, el ritual ha desempe\u00f1ado un papel central en<strong> reavivar el pacto de vida entre los humanos y el origen sagrado de la creaci\u00f3n<\/strong>. El \u00abc\u00edrculo sagrado\u00bb del ritual permite una respetuosa interacci\u00f3n\u00a0con las fuerzas esenciales de la vida, las cuales proveen un <strong>profundo<\/strong> <strong>entendimiento del orden natural a trav\u00e9s de su gu\u00eda y presencia<\/strong>.<\/p>\n\n\n\n<p>Diversas ense\u00f1anzas confluyen e informan mi enfoque al ritual, haci\u00e9ndole apropiado en un contexto contempor\u00e1neo, libres de dogmatismos e impregnados de una intenci\u00f3n centrada en el coraz\u00f3n. <\/p>\n\n\n\n<h4 class=\"has-text-align-center\"><strong>Ofrezco rituales de<\/strong>:<\/h4>\n\n\n\n<section class=\"wp-block-uagb-columns uagb-columns__wrap uagb-columns__background-undefined uagb-columns__stack-mobile uagb-columns__valign-undefined uagb-columns__gap-10 alignwide uagb-block-fd1d1d8c\"><div class=\"uagb-columns__overlay\"><\/div><div class=\"uagb-columns__inner-wrap uagb-columns__columns-4\">\n<div class=\"wp-block-uagb-column uagb-column__wrap uagb-column__background-undefined uagb-block-e1216a26\"><div class=\"uagb-column__overlay\"><\/div><div class=\"uagb-column__inner-wrap\">\n<div class=\"wp-block-image is-style-rounded\"><figure class=\"aligncenter size-medium is-resized\"><img loading=\"lazy\" src=\"https:\/\/eltrabajoquereconecta.org\/fl4m35\/wp-content\/uploads\/2021\/05\/casey-horner-0D8_tYHIy0o-unsplash-1-1-edited-300x300.jpg\" alt=\"\" class=\"wp-image-1624\" width=\"150\" height=\"150\" srcset=\"https:\/\/eltrabajoquereconecta.org\/fl4m35\/wp-content\/uploads\/2021\/05\/casey-horner-0D8_tYHIy0o-unsplash-1-1-edited-300x300.jpg 300w, https:\/\/eltrabajoquereconecta.org\/fl4m35\/wp-content\/uploads\/2021\/05\/casey-horner-0D8_tYHIy0o-unsplash-1-1-edited-1024x1024.jpg 1024w, https:\/\/eltrabajoquereconecta.org\/fl4m35\/wp-content\/uploads\/2021\/05\/casey-horner-0D8_tYHIy0o-unsplash-1-1-edited-150x150.jpg 150w, https:\/\/eltrabajoquereconecta.org\/fl4m35\/wp-content\/uploads\/2021\/05\/casey-horner-0D8_tYHIy0o-unsplash-1-1-edited-768x768.jpg 768w, https:\/\/eltrabajoquereconecta.org\/fl4m35\/wp-content\/uploads\/2021\/05\/casey-horner-0D8_tYHIy0o-unsplash-1-1-edited.jpg 1331w\" sizes=\"(max-width: 150px) 100vw, 150px\" \/><\/figure><\/div>\n\n\n\n<p class=\"has-text-align-center\"><strong><strong>Duelo y renovaci\u00f3n<\/strong><\/strong><\/p>\n<\/div><\/div>\n\n\n\n<div class=\"wp-block-uagb-column uagb-column__wrap uagb-column__background-undefined uagb-block-1a2dd42f\"><div class=\"uagb-column__overlay\"><\/div><div class=\"uagb-column__inner-wrap\">\n<div class=\"wp-block-image is-style-rounded\"><figure class=\"aligncenter size-medium is-resized\"><img loading=\"lazy\" src=\"https:\/\/eltrabajoquereconecta.org\/fl4m35\/wp-content\/uploads\/2021\/05\/zahrin-lukman-DLeOhMdLVVk-unsplash-1-1-edited-300x300.jpg\" alt=\"\" class=\"wp-image-1625\" width=\"150\" height=\"150\" srcset=\"https:\/\/eltrabajoquereconecta.org\/fl4m35\/wp-content\/uploads\/2021\/05\/zahrin-lukman-DLeOhMdLVVk-unsplash-1-1-edited-300x300.jpg 300w, https:\/\/eltrabajoquereconecta.org\/fl4m35\/wp-content\/uploads\/2021\/05\/zahrin-lukman-DLeOhMdLVVk-unsplash-1-1-edited-1024x1020.jpg 1024w, https:\/\/eltrabajoquereconecta.org\/fl4m35\/wp-content\/uploads\/2021\/05\/zahrin-lukman-DLeOhMdLVVk-unsplash-1-1-edited-150x150.jpg 150w, https:\/\/eltrabajoquereconecta.org\/fl4m35\/wp-content\/uploads\/2021\/05\/zahrin-lukman-DLeOhMdLVVk-unsplash-1-1-edited-768x765.jpg 768w, https:\/\/eltrabajoquereconecta.org\/fl4m35\/wp-content\/uploads\/2021\/05\/zahrin-lukman-DLeOhMdLVVk-unsplash-1-1-edited.jpg 1275w\" sizes=\"(max-width: 150px) 100vw, 150px\" \/><\/figure><\/div>\n\n\n\n<p class=\"has-text-align-center\"><strong><strong>Empoderamiento y gu\u00eda<\/strong><\/strong><\/p>\n<\/div><\/div>\n\n\n\n<div class=\"wp-block-uagb-column uagb-column__wrap uagb-column__background-undefined uagb-block-f32de8d3\"><div class=\"uagb-column__overlay\"><\/div><div class=\"uagb-column__inner-wrap\">\n<div class=\"wp-block-image is-style-rounded\"><figure class=\"aligncenter size-thumbnail\"><img loading=\"lazy\" width=\"150\" height=\"150\" src=\"https:\/\/eltrabajoquereconecta.org\/fl4m35\/wp-content\/uploads\/2021\/04\/Jennifer11-150x150.jpg\" alt=\"\" class=\"wp-image-132\"\/><\/figure><\/div>\n\n\n\n<p class=\"has-text-align-center\"><strong><strong>Sanaci\u00f3n y conexi\u00f3n<\/strong><\/strong><\/p>\n<\/div><\/div>\n\n\n\n<div class=\"wp-block-uagb-column uagb-column__wrap uagb-column__background-undefined uagb-block-279f95eb\"><div class=\"uagb-column__overlay\"><\/div><div class=\"uagb-column__inner-wrap\">\n<div class=\"wp-block-image is-style-rounded\"><figure class=\"aligncenter size-thumbnail\"><img loading=\"lazy\" width=\"150\" height=\"150\" src=\"https:\/\/eltrabajoquereconecta.org\/fl4m35\/wp-content\/uploads\/2021\/04\/chabelita-150x150.jpg\" alt=\"\" class=\"wp-image-179\"\/><\/figure><\/div>\n\n\n\n<p class=\"has-text-align-center\"><strong>Transici\u00f3n y bendiciones<\/strong><\/p>\n<\/div><\/div>\n<\/div><\/section>\n\n\n\n<h4><strong>En concreto, el ritual asiste en:<\/strong><\/h4>\n\n\n\n<ul><li><strong><strong>Cultivar <\/strong><\/strong>salud, relajaci\u00f3n y ecuanimidad.<\/li><li><strong><strong>Apoyar <\/strong><\/strong>en las transiciones de vida.<\/li><li><strong><strong>Restaurar <\/strong><\/strong>el prop\u00f3sito y fortificar la intenci\u00f3n.<\/li><li><strong><strong>Transformar <\/strong><\/strong>obst\u00e1culos en virtudes.<\/li><li><strong><strong>Ayudar<\/strong><\/strong> a adquirir gu\u00eda y entendimiento.<\/li><li><strong><strong>Conectar <\/strong><\/strong>con la Tierra, los ancestros y futuras generaciones.<\/li><li><strong><strong>Crear <\/strong><\/strong>una conciencia m\u00e1s ecol\u00f3gica e inclusiva.<\/li><li><strong><strong>Fortalecer <\/strong><\/strong>lazos sociales y crear comunidad.<\/li><li><strong><strong>Expresar gratitud.<\/strong><\/strong><\/li><\/ul>\n","protected":false},"excerpt":{"rendered":"<p>Desde tiempos inmemoriales, el ritual ha desempe\u00f1ado un papel central en reavivar el pacto de vida entre los humanos y el origen sagrado de la creaci\u00f3n. El \u00abc\u00edrculo sagrado\u00bb del ritual permite una respetuosa interacci\u00f3n\u00a0con las fuerzas esenciales de la vida, las cuales proveen un profundo entendimiento del orden natural a trav\u00e9s de su gu\u00eda &#8230; <a title=\"Rituales\" class=\"read-more\" href=\"https:\/\/eltrabajoquereconecta.org\/fl4m35\/es\/ritual-es\/\" aria-label=\"More on Rituales\">Read more<\/a><\/p>\n","protected":false},"author":2,"featured_media":0,"parent":0,"menu_order":0,"comment_status":"closed","ping_status":"closed","template":"","meta":{"spay_email":""},"uagb_featured_image_src":{"full":false,"thumbnail":false,"medium":false,"medium_large":false,"large":false,"1536x1536":false,"2048x2048":false},"uagb_author_info":{"display_name":"adrianvg","author_link":"https:\/\/eltrabajoquereconecta.org\/fl4m35\/author\/adrianvg\/"},"uagb_comment_info":0,"uagb_excerpt":"Desde tiempos inmemoriales, el ritual ha desempe\u00f1ado un papel central en reavivar el pacto de vida entre los humanos y el origen sagrado de la creaci\u00f3n. El \u00abc\u00edrculo sagrado\u00bb del ritual permite una respetuosa interacci\u00f3n\u00a0con las fuerzas esenciales de la vida, las cuales proveen un profundo entendimiento del orden natural a trav\u00e9s de su gu\u00eda&hellip;","_links":{"self":[{"href":"https:\/\/eltrabajoquereconecta.org\/fl4m35\/wp-json\/wp\/v2\/pages\/1447"}],"collection":[{"href":"https:\/\/eltrabajoquereconecta.org\/fl4m35\/wp-json\/wp\/v2\/pages"}],"about":[{"href":"https:\/\/eltrabajoquereconecta.org\/fl4m35\/wp-json\/wp\/v2\/types\/page"}],"author":[{"embeddable":true,"href":"https:\/\/eltrabajoquereconecta.org\/fl4m35\/wp-json\/wp\/v2\/users\/2"}],"replies":[{"embeddable":true,"href":"https:\/\/eltrabajoquereconecta.org\/fl4m35\/wp-json\/wp\/v2\/comments?post=1447"}],"version-history":[{"count":6,"href":"https:\/\/eltrabajoquereconecta.org\/fl4m35\/wp-json\/wp\/v2\/pages\/1447\/revisions"}],"predecessor-version":[{"id":2163,"href":"https:\/\/eltrabajoquereconecta.org\/fl4m35\/wp-json\/wp\/v2\/pages\/1447\/revisions\/2163"}],"wp:attachment":[{"href":"https:\/\/eltrabajoquereconecta.org\/fl4m35\/wp-json\/wp\/v2\/media?parent=1447"}],"curies":[{"name":"wp","href":"https:\/\/api.w.org\/{rel}","templated":true}]}}